remainder when r is divided by 35.
34
Suppose d + 8 = 28. Suppose y = -c + 1 + 4, y - d = 2*c. Suppose 79 = 3*r + y. What is the remainder when 89 is divided by r?
20
Let q(s) = 4*s + 4. Let u be q(2). Let x = u + 10. Calculate the remainder when x is divided by 12.
10
Let j(t) = -t**2 - 7*t + 8. Let b(g) = -9 + 0*g**3 + 56*g - 10*g**2 + g**3 - 52*g. What is the remainder when b(10) is divided by j(-7)?
7
Let d(l) = 104*l**2 - 3*l - 4. Let k(t) = 4*t - 21. Calculate the remainder when d(-1) is divided by k(14).
33
Let r = 94 - -28. What is the remainder when r is divided by 3?
2
Let v(a) = -2*a + 25. Let j be v(11). Suppose j*b - 106 = 5*m, -4*b - m + 143 = -6*m. Calculate the remainder when 146 is divided by b.
35
Let k(z) = -z**2 - 13*z + 37. Let h be k(-13). Let a = -26 + h. Calculate the remainder when (-1)/((3/(-41))/3) is divided by a.
8
Suppose -3*f + 5 - 2 = 0, -5*f + 2840 = 5*t. What is the remainder when t is divided by 145?
132
Suppose -21 = -23*v + 16*v. What is the remainder when 76 is divided by (8 + -3)*v/(-5) - -30?
22
Let a = 10 + -4. Suppose -25*u + 21*u - 236 = 0. Let l = 61 + u. What is the remainder when a is divided by l?
0
Suppose 5*w + 9064 = 16*w. What is the remainder when w is divided by 59?
57
Let z(p) be the third derivative of p**4/8 + 17*p**3/6 - 2*p**2 + 42. Suppose 3*j - 8 - 28 = 0. Calculate the remainder when z(j) is divided by 14.
11
Suppose -5*p = 5*g - 215, -2*p + g + 152 = 2*p. What is the remainder when 506 is divided by p?
38
Let w be 3*(-2 - 68/(-6)). Let l = w - 14. Suppose 3*t + 4*m - 75 = 0, -2*t + 0*m + m = -50. Calculate the remainder when t is divided by l.
11
Let q(t) = -2*t**2 - 38*t. What is the remainder when q(-18) is divided by 13?
10
Suppose -5*u + 381 = 3*c, -4*c + 76 + 307 = 5*u. What is the remainder when u is divided by 6?
3
Let j = -43 + 51. Suppose -4*x + 16 = -j. What is the remainder when 21 is divided by x?
3
Let s be (17/2 - (6 + -10))*2. Suppose 27 = -g - 4*v, -2 + 50 = -4*g - v. Let p = g + s. What is the remainder when p is divided by 5?
4
Suppose -3*c + 6*c = 531. Suppose 0 = -14055*t + 14071*t - 240. What is the remainder when c is divided by t?
12
Let q = 792 - 788. Calculate the remainder when 20 is divided by q.
0
Suppose 12*v - 8*v = 28. Suppose 2*n - s - v = 0, 3*n + s + s = 0. What is the remainder when n is divided by (-1)/(-5 + -1 + 5)?
0
Let g(q) = -q**3 + 35*q**2 + 39*q - 28. What is the remainder when g(36) is divided by 35?
10
Let y(k) = -k**3 + 11*k**2 - 4*k + 24. Let w be y(10). Suppose -c + 4*c - w = 0. What is the remainder when 82 is divided by c?
26
Suppose 0 = -3*r + 3*x + 270, -3*r + 3*x = 8*x - 278. Calculate the remainder when r is divided by 17.
6
Calculate the remainder when (-78 - 2)/8 - -521 is divided by 109.
75
Suppose 5*z = 2*z - 15. Calculate the remainder when 249 is divided by (-1 - 0)*((-51 - z) + -4).
49
Let u be 3/(9/183)*(2 - -1). Suppose -2*n + u = -5*w - 139, -310 = -2*n + 2*w. Calculate the remainder when n is divided by 17.
15
Let n(z) = 2*z + 42. Let i = 69 + -40. What is the remainder when i is divided by n(-13)?
13
Suppose 0 = -5*q + 4*g - 7*g - 59, 3*q - 4*g + 47 = 0. Let o = 23 + q. Suppose -z - 2*k = -6*z + 21, -o = -5*k. Calculate the remainder when 13 is divided by z.
3
Suppose -13 = 2*d + 1. Let k = d - -4. Calculate the remainder when 62 is divided by (-6)/(-4)*(-32)/k.
14
Suppose 3*w + 0*w + 285 = 0. Let t = w - -113. What is the remainder when 35 is divided by t?
17
Suppose 31*g = 28*g + 123. Calculate the remainder when g is divided by 15.
11
Let m = 3 - -1. Let n(y) = -y**3 - 1 - 4*y**2 - 12*y + 0*y**3 - m*y**2 - 11. What is the remainder when 89 is divided by n(-7)?
20
Suppose 116 = 3*z - 5*i, 0 = i - 2 + 3. What is the remainder when (436/4 - 2) + 2 is divided by z?
35
Suppose 0 = 3*j - 163 - 398. Calculate the remainder when j is divided by 15.
7
Suppose 17*y = -82*y + 1188. What is the remainder when 165 is divided by y?
9
Let a be 2/(-5) + 243/45. Suppose -a*t = -1 - 4. Let l(c) = 6*c**2 + 2*c - 2. What is the remainder when l(t) is divided by 4?
2
Suppose -9*w = -4*w. Let d = -4 - w. What is the remainder when (186/24)/((-1)/d) is divided by 16?
15
What is the remainder when ((-4)/8 + 0)*-2564 is divided by 33?
28
Let f = -152 + 200. What is the remainder when f is divided by 10?
8
Suppose q = -32*q + 1452. What is the remainder when 256 is divided by q?
36
Suppose 7*v + 3*v = 640. What is the remainder when 251 is divided by v?
59
Let n be (6/(-2 + -4))/((-2)/282). Let w = n - 105. Calculate the remainder when w is divided by 13.
10
Let x(h) = -h + 2. Let u = 89 - 70. Suppose -3*z = 15, 0 = -y - 0*z + 3*z + u. Calculate the remainder when x(-8) is divided by y.
2
Let n = 2 + 0. Suppose 5*z - 572 = n*s, -z + 4*s = z - 232. What is the remainder when (28/21)/(4/z) is divided by 20?
18
Let v = 1889 + -1866. Let w(a) = a**2 - 5*a. Calculate the remainder when v is divided by w(6).
5
Let m be (-72)/2*2/4. Let n = 16 + m. What is the remainder when 52 is divided by n/11 + 468/33?
10
Suppose -t + 0*t = -5. Suppose -t*g + 133 = -4*c, -5*c - 14 = -2*g + g. What is the remainder when 86 is divided by g?
28
Suppose 17*h - 5*h - 348 = 0. Calculate the remainder when 76 is divided by h.
18
Let h = 513 + -447. Calculate the remainder when h is divided by 33.
0
Let j be (8/(-6))/(4/(-12)). Let z = j + -4. Suppose z*s + 33 = 3*s. Calculate the remainder when s is divided by 6.
5
Suppose -5*n + 1008 = h, -5*n + h - 200 = -6*n. What is the remainder when n is divided by 72?
58
Let p be (-1406)/(-8) + 1/4. Suppose -5*c = -2*d - 67, 2*d + 14 = -3*c + 67. Suppose -c*y + 11*y = -p. Calculate the remainder when y is divided by 23.
21
Suppose 7*j = 566 - 146. Calculate the remainder when 110 is divided by j.
50
Let c = -4 + 7. Suppose -43 = -c*f + 131. Let s(h) = -7*h - 61. Calculate the remainder when f is divided by s(-13).
28
Let b = 28 - 13. Let g = 25 - b. Calculate the remainder when 10 is divided by g.
0
Suppose 10*u + 36 = 14*u. Suppose 13*t - 40 = u*t. Calculate the remainder when (-50)/(-2) - (-1)/1 is divided by t.
6
Suppose -2*y + 6*z = 2*z - 26, 5*z = 4*y - 40. Calculate the remainder when (-1)/((15/(-117))/y) is divided by 21.
18
Calculate the remainder when (-1)/6*2*-108 is divided by 20.
16
Let x be ((-9)/(-2))/(51/10 + -5). Suppose -2*y + 4*p = 30, -2*y - 3*p - 49 = 2*y. Let t = x + y. What is the remainder when t is divided by 17?
15
Let b = -27 + 40. Let v(k) = k**2 - 11*k + 5. Calculate the remainder when 61 is divided by v(b).
30
Let v(l) = -42*l + 31. Calculate the remainder when 119 is divided by v(0).
26
Calculate the remainder when 375 is divided by 19*(2 + -3)*-2.
33
Suppose 4*q = q + 9. Suppose -q*p = p - 72. Let t(k) = 2*k**2 - 5*k - 5. Calculate the remainder when t(-5) is divided by p.
16
Suppose -4*r + 20 = -3*w + 7*w, 5*w = -2*r + 28. Let g(o) = 2*o**2 - 34*o - 255. Calculate the remainder when g(-6) is divided by (18/8)/(w/32).
9
Let g be 22/77 - (-5)/7. Suppose f - g = 25. What is the remainder when f is divided by -22*2/(-6) - (-3)/(-9)?
5
Suppose -333 = -23*g - 103. What is the remainder when g is divided by 3?
1
Suppose -42*x + 34*x + 96 = 0. What is the remainder when 108/2 + (0 - -2) is divided by x?
8
Let j = -325 - -368. Calculate the remainder when j is divided by 11.
10
Suppose 0 = -26*s - 70*s + 960. Calculate the remainder when 14 is divided by s.
4
Let v = -6 + 21. Calculate the remainder when 104 is divided by v.
14
Suppose -4*a = -25*a + 210. What is the remainder when 47 is divided by a?
7
Suppose 294 = s + s. Let t = s - 87. What is the remainder when t is divided by 31?
29
Suppose -18*v + 3456 = -6*v. What is the remainder when v is divided by 46?
12
Let d(o) = -2*o**2 - 2*o + 26. Calculate the remainder when d(0) is divided by (-3)/2*(-13 - -3).
11
Suppose -12*q = -7*q - 160. Calculate the remainder when 3*(q - -1) + 5 is divided by 27.
23
Suppose 2*p + 0 = -4. What is the remainder when 96 is divided by (1 + 132/(-20))*5/p?
12
Let h = 205 - 123. Suppose -9*d = -10*d + 42. Let z = 70 - d. Calculate the remainder when h is divided by z.
26
Let d(v) = -v**3 + 33*v**2 - 86*v - 76. What is the remainder when d(30) is divided by 2/2*1*23?
21
Let m(i) = -14*i + 213. Let a(r) = -5*r + 71. 